ist the prime factors of 201489.
3, 47, 1429
What are the prime factors of 338663?
13, 109, 239
What are the prime factors of 14050917?
3, 1561213
List the prime factors of 22908999.
3, 2087, 3659
What are the prime factors of 1026857?
13, 78989
List the prime factors of 272531.
7, 38933
List the prime factors of 160174.
2, 7, 17, 673
List the prime factors of 3796513.
7, 43, 12613
List the prime factors of 465400.
2, 5, 13, 179
What are the prime factors of 117422?
2, 58711
List the prime factors of 632840.
2, 5, 13, 1217
What are the prime factors of 413842?
2, 11, 13, 1447
What are the prime factors of 3388307?
13, 97, 2687
What are the prime factors of 54500?
2, 5, 109
What are the prime factors of 14287849?
14287849
List the prime factors of 8682724.
2, 2170681
What are the prime factors of 23704?
2, 2963
List the prime factors of 483764.
2, 120941
What are the prime factors of 7697742?
2, 3, 13, 98689
List the prime factors of 9353279.
13, 719483
List the prime factors of 767645.
5, 153529
What are the prime factors of 3476858?
2, 7, 11, 107, 211
What are the prime factors of 7499972?
2, 1874993
List the prime factors of 16682031.
3, 205951
What are the prime factors of 1223420?
2, 5, 11, 67, 83
List the prime factors of 233707.
103, 2269
What are the prime factors of 4608428?
2, 11, 17, 61, 101
List the prime factors of 103708.
2, 11, 2357
What are the prime factors of 1529963?
1529963
List the prime factors of 459075.
3, 5, 6121
List the prime factors of 7143725.
5, 285749
What are the prime factors of 1128349?
1128349
List the prime factors of 701274.
2, 3, 7, 59, 283
List the prime factors of 26776995.
3, 5, 7, 255019
What are the prime factors of 7716482?
2, 53, 72797
What are the prime factors of 35260491?
3, 7, 29, 57899
What are the prime factors of 315503?
17, 67, 277
List the prime factors of 1078967.
1078967
List the prime factors of 72572.
2, 18143
What are the prime factors of 9010199?
11, 19, 2269
What are the prime factors of 677766?
2, 3, 37, 43, 71
List the prime factors of 132566.
2, 7, 17, 557
What are the prime factors of 1359971?
1359971
What are the prime factors of 2372769?
3, 7, 37663
List the prime factors of 22854734.
2, 7, 1632481
List the prime factors of 12207555.
3, 5, 271279
What are the prime factors of 909591?
3, 47, 6451
What are the prime factors of 140950?
2, 5, 2819
What are the prime factors of 5188796?
2, 29, 41, 1091
List the prime factors of 4354829.
211, 20639
List the prime factors of 236011.
17, 13883
What are the prime factors of 733046?
2, 313, 1171
List the prime factors of 101677.
17, 5981
What are the prime factors of 18037037?
23, 784219
What are the prime factors of 1175149?
1175149
What are the prime factors of 2305437?
3, 768479
List the prime factors of 1239509.
1239509
What are the prime factors of 2857970?
2, 5, 107, 2671
List the prime factors of 1848608.
2, 41, 1409
List the prime factors of 223105.
5, 44621
What are the prime factors of 1549727?
683, 2269
What are the prime factors of 47686?
2, 113, 211
What are the prime factors of 15528642?
2, 3, 2588107
What are the prime factors of 170567?
281, 607
What are the prime factors of 910780?
2, 5, 13, 31, 113
List the prime factors of 2671115.
5, 19, 31, 907
What are the prime factors of 150196?
2, 37549
List the prime factors of 59642.
2, 11, 2711
List the prime factors of 3190678.
2, 1595339
What are the prime factors of 74190?
2, 3, 5, 2473
List the prime factors of 34494595.
5, 19, 23, 15787
List the prime factors of 423303.
3, 141101
List the prime factors of 517453.
557, 929
List the prime factors of 1047705.
3, 5, 69847
List the prime factors of 8240108.
2, 761, 2707
What are the prime factors of 5696383?
7, 11, 29, 2551
What are the prime factors of 2293771?
2293771
What are the prime factors of 1670797?
89, 18773
What are the prime factors of 14351076?
2, 3, 271, 1471
List the prime factors of 317299.
41, 71, 109
List the prime factors of 164502.
2, 3, 13, 19, 37
List the prime factors of 11154103.
23, 89, 5449
List the prime factors of 8097513.
3, 2699171
What are the prime factors of 2146792?
2, 149, 1801
What are the prime factors of 60456?
2, 3, 11, 229
What are the prime factors of 24594?
2, 3, 4099
What are the prime factors of 204744?
2, 3, 19, 449
What are the prime factors of 720426?
2, 3, 7, 17, 1009
What are the prime factors of 3566913?
3, 7, 29, 5857
List the prime factors of 14261546.
2, 13, 548521
List the prime factors of 16978300.
2, 5, 169783
List the prime factors of 375099.
3, 97, 1289
List the prime factors of 1560516.
2, 3, 130043
What are the prime factors of 6105356?
2, 1526339
What are the prime factors of 830883?
3, 276961
What are the prime factors of 159550?
2, 5, 3191
List the prime factors of 3580941.
3, 7, 13, 1009
What are the prime factors of 41311662?
2, 3, 7, 19, 51769
What are the prime factors of 1040779?
1040779
List the prime factors of 3476885.
5, 695377
List the prime factors of 9197585.
5, 23, 79979
List the prime factors of 1357170.
2, 3, 5, 19, 2381
List the prime factors of 17089701.
3, 641, 8887
List the prime factors of 1406503.
7, 200929
What are the prime factors of 31731?
3, 7, 1511
List the prime factors of 175092.
2, 3, 14591
What are the prime factors of 12861?
3, 1429
What are the prime factors of 448513?
13, 34501
What are the prime factors of 206537?
241, 857
List the prime factors of 10762683.
3, 17, 19, 29, 383
What are the prime factors of 101671?
293, 347
List the prime factors of 11479442.
2, 13, 441517
List the prime factors of 21241522.
2, 271, 39191
What are the prime factors of 3773376?
2, 3, 6551
What are the prime factors of 4804397?
13, 19, 53, 367
What are the prime factors of 429245?
5, 293
List the prime factors of 1931397.
3, 13, 49523
What are the prime factors of 4523053?
4523053
What are the prime factors of 30509140?
2, 5, 83, 18379
List the prime factors of 2087372.
2, 7, 127, 587
List the prime factors of 15220584.
2, 3, 59, 3583
List the prime factors of 301710.
2, 3, 5, 89, 113
What are the prime factors of 763745?
5, 103, 1483
List the prime factors of 12125176.
2, 7, 41, 5281
List the prime factors of 2572857.
3, 7, 13613
What are the prime factors of 8305787?
7, 1186541
What are the prime factors of 43191?
3, 4799
What are the prime factors of 20760086?
2, 10380043
What are the prime factors of 234818?
2, 137, 857
What are the prime factors of 2393752?
2, 37, 8087
List the prime factors of 1877997.
3, 11, 56909
What are the prime factors of 7952664?
2, 3, 23, 14407
List the prime factors of 266494.
2, 19, 7013
What are the prime factors of 134926?
2, 11, 6133
List the prime factors of 181762.
2, 7, 12983
List the prime factors of 8317125.
3, 5, 7393
List the prime factors of 120064.
2, 7, 67
List the prime factors of 7327334.
2, 7, 223, 2347
What are the prime factors of 19466?
2, 9733
What are the prime factors of 1947504?
2, 3, 13, 3121
What are the prime factors of 10045521?
3, 17, 65657
List the prime factors of 261234.
2, 3, 23, 631
What are the prime factors of 1011599?
1011599
List the prime factors of 1339005.
3, 5, 17, 59, 89
List the prime factors of 674287.
71, 9497
What are the prime factors of 7862134?
2, 7, 149, 3769
What are the prime factors of 19601418?
2, 3, 797, 4099
What are the prime factors of 191710?
2, 5, 19, 1009
What are the prime factors of 3637?
3637
List the prime factors of 1040008.
2, 71, 1831
What are the prime factors of 8854391?
7, 13, 97301
List the prime factors of 16924197.
3, 17, 29, 11443
List the prime factors of 142466.
2, 71233
List the prime factors of 153070.
2, 5, 15307
What are the prime factors of 459223?
459223
List the prime factors of 478888.
2, 31, 1931
What are the prime factors of 1052787?
3, 29, 12101
List the prime factors of 8663493.
3, 1031, 2801
List the prime factors of 11826801.
3, 7, 347, 541
List the prime factors of 29953.
7, 11, 389
What are the prime factors of 4266799?
23, 29, 6397
List the prime factors of 1263976.
2, 7, 22571
List the prime factors of 3969899.
3969899
What are the prime factors of 2489699?
97, 25667
List the prime factors of 6483137.
17, 22433
List the prime factors of 1302561.
3, 13, 1237
List the prime factors of 346119.
3, 113, 1021
List the prime fa